
0
4 + -5 + (-23 - -32)
8
Evaluate 2 - (3 - -1) - (24 - 12 - 20).
6
Calculate 5 - ((-8 + 14 - (5 - 3)) + -7).
8
Evaluate -48 + 41 - (12 + 1) - -7.
-13
Calculate (-9 - (7 - 18)) + -11.
-9
Evaluate 4 - (46 - 19) - -12.
-11
(-12 - -21) + (0 - 14) - 1
-6
What is the value of 17 - (14 + 0) - (22 + -1)?
-18
Calculate -37 + (18 - -2) + 28.
11
What is -1 + (5 + -7 - -1) - (3 + 19)?
-24
-5 - (12 - (16 + 0))
-1
What is (1 - -11 - (1 + (-21 - -20))) + 1?
13
Evaluate -3 - 23 - (-23 + 12 - -4).
-19
Evaluate 9 - 4 - ((6 - 3) + -16).
18
Calculate 3 + 11 - 37 - -3.
-20
Calculate -8 + 14 + 80 + -96.
-10
What is the value of -30 - -22 - (10 - (16 - -2))?
0
What is the value of 9 + -7 + 5 + (-2 - 1) + -17?
-13
What is the value of (11 - -3) + (5 + 0 + -8 - 2)?
9
-6 - (-17 - -24) - -19
6
(2 - 2) + -3 + -288 + 292
1
What is 201 + -181 + (-1 - 37)?
-18
Evaluate (-16 - (16 - 5)) + 13.
-14
-3 - (-4 - 3) - (2 - -8)
-6
What is (-1 - 0) + 24 + -28 + 17?
12
What is 25 - (-37 - -18 - -28)?
16
What is (-13 - -6) + -5 + 6?
-6
Evaluate -26 + 3 + (24 - -27).
28
What is 24 + -5 + (-7 - (2 - 13))?
23
Evaluate 1 + -7 + -1 + 35 + -18.
10
What is -4 + 0 + 5 + (-1 - 2) + -14?
-16
Evaluate -1 + -17 - ((-9 - 0) + 2).
-11
Evaluate (1 - 2 - (-7 + -11 + 7)) + -11.
-1
What is the value of (0 - (10 + -1)) + (27 - 35) + 5?
-12
Calculate -17 - (-16 + -3) - 20.
-18
Calculate -5 + 6 + -9 - -12 - (21 + -2).
-15
Calculate 0 - 4 - -6 - (-37 + 47) - -15.
7
Calculate 3 + 3 + 18 + -53 + 38.
9
Calculate (10 - -2) + -1 + 0 + -22.
-11
Evaluate 17 + -24 + 16 - 27.
-18
10 + (-3 - -13) + -9
11
Calculate -1 - 10 - (58 + -79).
10
Evaluate -519 - -507 - (3 + -1).
-14
Evaluate -52 + 80 - (4 - -9).
15
What is 21 + -8 - (6 - (-6 + 5))?
6
Calculate (6 - (-2 + 9)) + 0.
-1
What is the value of 2 - -4 - (-15 + (25 - 6) + -10)?
12
What is the value of -144 + 141 + (-7 - (-1 - -1)) + 0?
-10
Evaluate -2 + -2 + 30 + -24 + -3.
-1
-14 - (3 + 2) - (-5 + 1)
-15
-16 + 63 + -40 + -28
-21
Evaluate (0 + -4 + 0 - 5) + 2.
-7
(-23 - (13 + -30)) + -1 + 6
-1
-2 + -2 + 2 + -9
-11
What is 6 + -3 + -20 - -22?
5
What is the value of -21 - (-16 + 34 + -15 - 5)?
-19
What is the value of (0 - -9 - 8) + -15?
-14
What is the value of 3 + -23 + 10 + 1 + (-13 - -7)?
-15
What is -66 - (-5 + (5 - 31))?
-35
Evaluate -5 + 1 + (4 + -1 - -16).
15
Evaluate -6 + (8 - (-1 - -14)).
-11
Calculate -12 - ((4 + -5 + 3 - 6) + 13).
-21
Evaluate 34 - (4 - -29) - (-23 - (-1 - 2)).
21
What is -20 - -36 - 22 - (-27 + (0 - 4))?
25
Calculate -2 - (2 - 2 - (-5 - -5)).
-2
(-13 - -18) + -3 - (-1 + 7)
-4
Evaluate (-26 - -3) + 9 + 8.
-6
What is the value of 8 - (46 + -14 + -12)?
-12
(-3 + 0 + 3 - -43) + (46 - 52)
37
-6 - (1 - (7 - 7)) - -19
12
Evaluate 5 + -28 + (-70 - -72).
-21
Evaluate 14 - (-8 + 12 - -4) - 0.
6
What is -2 - (18 + -10 + 2)?
-12
(-8 + (3 - 1) - (-43 - -38)) + -17
-18
What is the value of -3 + ((4 - 5) + 1 - (2 - 8))?
3
What is 0 + 7 + 6 - (-61 + 60)?
14
What is the value of -10 + -2 + -2 - (8 - -5 - 16)?
-11
(-21 - (-14 + (6 - -2))) + 5
-10
Evaluate -35 - (36 + -60) - (-4 - 11).
4
What is 22 - (8 + 3 + 5) - (-1 + -3)?
10
-7 - (0 - 2 - 10)
5
What is the value of -17 + 47 + -14 + (-8 - 1)?
7
What is 2 + 14 + (44 - 48 - -9)?
21
0 + -1 - (239 - 234)
-6
Calculate -1 + 1 + 14 + (-11 - (22 + -31)).
12
(0 - (29 - 13)) + 6 - (0 - 8)
-2
Calculate 0 + -20 + 23 + -16.
-13
Evaluate -1 - 31 - (-30 + 27).
-29
What is -2 - (12 + 2 + -17) - -12?
13
(-3 - 0 - (5 + -5 - 10)) + 4
11
What is the value of (-1 - -6 - (4 - 5)) + -5?
1
What is -41 + -2 + 11 - -12?
-20
Calculate 11 + 1 - 6 - (12 - 10).
4
Calculate 51 + -70 + (27 - -3) - (-2 + 6).
7
-1 - (-9 + 10) - (-16 - -25)
-11
What is (-3 - (-2 - 0)) + 2 - (-185 - -187)?
-1
Evaluate -4 + (10 - 1 - 6 - -3).
2
Calculate (40 - 25) + -7 + (4 - 1).
11
Evaluate 9 - (3 + 8 + -1).
-1
43 + (-21 - 6) - (-5 + 20)
1
9 + 0 + (-10 - 8) + 11
2
Evaluate -6 + -7 + (23 - 4).
6
What is -17 - (-12 - (-13 + 14))?
-4
2 + 6 - 10 - (6 - 3)
-5
-12 + 9 + (-75 - -106)
28
What is the value of -1417 + 1424 - (1 - -20)?
-14
What is the value of (-18 - -7) + 14 + 8?
11
Calculate -22 - (9 - 15 - 12).
-4
What is the value of -9 + (1 - -28) + (-68 - -71)?
23
13 + -12 + 51 - (13 - -1)
38
What is (-6 - (9 + -2 - 8)) + 1?
-4
Calculate -3 - -31 - (-29 - -42).
15
-18 + 12 + -22 + 13
-15
Evaluate 4 - (-18 - -11) - (15 - 6).
2
What is -27 + 12 + 18 - (-2 - -11)?
-6
What is the value of 2 + -29 + (10 - (-3 - (-2 + -1)))?
-17
Calculate 2 + 28 + -323 + 266.
-27
Calculate -16 + -4 + 19 + -3.
-4
What is the value of 0 + 12 + -12 + (-8 - -2)?
-6
-2 + (1 - (-6 - (-6 + 1))) + -3
-3
What is the value of 19 - 16 - (-6 + 2 - 5)?
12
Evaluate -1777 + 1789 - (1 - -7).
4
Calculate (-2 + -1 - -16) + 20 + 11 + -42.
2
What is the value of (-7 - -2) + (5 - (13 + -4 + -5))?
-4
-15 - (-1 + 1 - -2) - (-52 - -53)
-18
Evaluate 12 + (25 - 45) - (3 - -1).
-12
What is -585 + 565 - (-20 + 1)?
-1
3 - -8 - (-33 + 53)
-9
What is the value of (0 + -6 + -28 + 32 - -3) + -6?
-5
101 + -89 + (3 - 32)
-17
What is the value of 37 - (58 + (7 - 25))?
-3
What is -15 + 35 + (6 - 18)?
8
What is 11 + 2 - (213 + -176)?
-24
What is the value of (-2 - (-2 + -3 + 10)) + -43 + 45?
-5
What is the value of 28 - (-23 + 26) - 29?
-4
Evaluate -11 + 15 - (1 - (-2 + 0 + 8)).
9
Evaluate (6 - (10 + 16)) + 41.
21
What is the value of -10 - (27 - 11 - 35)?
9
24 - (3342 - 3347 - (2 - 1 - -3))
33
Evaluate 4 + (5 - (3 + 5 + -9)).
10
(10 - -10 - 5) + -4
11
6 + (2 + -4 - (0 + 1)) + -7
-4
Calculate 47 + -44 - (18 + -3) - -5.
-7
10 - (-8 + (7 + 2 - 17) + 25)
1
What is (-16 - 0) + (68 - 54)?
-2
Calculate 4 + (20 - 14 - -1).
11
-5 - ((-1 - -8 - 6) + -1 + 0)
-5
Calculate -8 - (-5 - (-9 + 1)).
-11
What is the value of 33 - (-1 - -19 - (57 - 38))?
34
Calculate -5 + 1 - ((-180 - -208) + (-19 - 0)).
-13
Evaluate 2 + 6 + 1 + -15 + 14 + 7.
15
Calculate -2 + 16 + (-67 - -20 - -31).
-2
What is the value of -42 + 119 - 65 - (45 - 1)?
-32
Calculate 10 + 6 + (-15 - 7).
-6
Evaluate (-18 - 1) + (5 - (26 + -20)) + 9.
-11
What is 2 + 8 + -7 + -3 + 5 - 15?
-10
Calculate -4 + -2 + (-2 - 12) + 12 + -6.
-14
What is -2 + (-6 - -13 - 10)?
-5
Evaluate -32 - -7 - (-91 + 71).
-5
10 + -21 + -7 + (-17 - (0 + -8))
-27
What is 172 - 179 - (-3 + -1)?
-3
What is the value of 1 + 1 + -26 + 32 + 6 + -4?
10
-3 + 2 - (76 - 88)
11
37 - (-14 + 60 - 23)
14
Calculate -6 - (-33 + 51 + -51).
27
Calculate (-21 - -7) + -30 + 35.
-9
What is -2 - -23 - (1 - -8) - (1 + 3)?
8
Evaluate -2 + -10 + (0 + -5 + 2 - -1).
-14
What is the value of -675 - -671 - (-1 + 16)?
-19
Evaluate (32 - 36) + -5 - (-1 + 5).
-13
Evaluate -1 + 6 + 14 + (-30 + -5 - -14).
-2
-32 - (10 - (27 + 10 - 12))
-17
Evaluate 9 - (-12 + 10 + 0 + -2).
13
-22 + 1 - (-23 + 32)
-30
What is -83 + 93 + -21 + -1?
-12
What is the value of -13 + (-5 - -6 - 12 - -8) + 1?
-15
-24 + 63 + 5 + (5 - 10) + 1
40
What is -38 - (13 - (54 - 15))?
-12
7 + (-12 - -9 - 3)
1
Evaluate (0 - -3) + 24 + -22 + 7.
12
Calculate -8 + (-12 + 20 + -1 - 12) + 8.
-5
What is the value of (-6 - -1) + (-2 - -3) + 2 + -5?
-7
Calculate -1 + -5 + -1 + 8 + 2 - -2.
5
4 + (30 - 24) + -24
-14
Evaluate -21 - ((-2 - -4 - 5) + -109 + 117).
-26
Calculate (-5 - -24) + -10 + (9 - 2 - 0).
16
-7 + (-6 - -8) + 4 + 8
7
Calculate (-17 - 2) + 16 - 4.
-7
-13 + 21 + 4 + -3 + (4 - 2)
11
Evaluate 7 + 21 - -1 - 66.
-37
-10 - (-2 - (20 - 17) - -14)
-19
-5 - 7 - (33 + -62)
17
What is the value of -2 + (-10 - -1 - -25 - 2) - 6?
6
Calculate -201 + 246 + -2 + -14 + 5.
34
16 - 7 - (5 + (-5 - 4))
13
Calculate 71 + -79 - (-2 - 1).
-5
5 + 8 + -15 + 5 + 1
4
Evaluate 4 + -16 + -23 - -20.
-15
Calculate -14 + (-6 - -1 - (-73 + 64)).
-10
223 + -178 + (-16 - -1) - -9
39
What is -1 - (4 + 0 - (72 - 27))?
40
Evaluate 0 - -7 - 22 - (24 + -14 - 15).
-10
-13 + 7 + (3 - (11 - 1))
-13
What is -33 - (66 - 84) - (-2 + 0)?
-13
0 - (-1 + -12) - (1378 - 1369)
4
Calculate -15 - (-1 - 22) - 21.
-13
What is -14 + (5 + 0 - (-3 - (-1 - 2)))?
-9
Calculate -9 + -3 - -3 - (2 - 8).
-3
Calculate 7 + 14 + (7 - 16).
12
What is the value of (-7 - -15) + (-17 - -2) + 0 + 23?
16
Calculate -2 - 6 - (-1 - -6 - (-1 - -5)).
-9
What is the value of (32 - 39 - (20 - (-5 + 2))) + 9?
-21
(12 - (0 + 3)) + (-13 - -16)
12
14 - (34 + -7 - -3) - (1 - 10)
-7
(4 - 11) + -14 + 18
-3
What is the value of 0 + 2 - (1 - -13 - 11)